is divided by w?
17
Let d(p) = 12*p - 4. What is the remainder when d(4) is divided by 16?
12
Suppose -4*x = -7*x + 18. Calculate the remainder when 29 is divided by x.
5
Let r(g) = g**2 - 17*g + 3. Suppose 3 = -q + 4*q. Calculate the remainder when r(17) is divided by q.
0
Let h(a) = a + 1. Let n(z) = -z**3 + 4*z**2 - 2*z + 3. Let o be n(2). What is the remainder when 1*4*69/12 is divided by h(o)?
7
Let r(l) = -5*l - 19. What is the remainder when 43 is divided by r(-7)?
11
Let r be 147/14*16/6. Suppose r = 2*b - 4*g, -5*b + 2*b + 41 = -5*g. Calculate the remainder when b is divided by (1 - -6)/((-2)/(-2)).
5
Let y(z) = -z**2 + 3*z + 7. Let r be y(4). Suppose 5*m - 211 = -2*w - 88, 4*w - 71 = -r*m. What is the remainder when m is divided by 14?
11
Suppose 4*y + 4*n = -0*n + 32, 4*y - 50 = 2*n. What is the remainder when 41 is divided by y?
8
Let o be (-1 + 0)/(1/(-17)). Suppose 23 = 5*k - o. Suppose -37 + 147 = 5*v. Calculate the remainder when v is divided by k.
6
Let u(v) = -v - 5. Let x be u(-7). Calculate the remainder when 0 + 17 - -2 - x is divided by 9.
8
Let p = -10 - -18. Let h be (-22)/(-3)*(-9)/6. Let l = 25 + h. Calculate the remainder when l is divided by p.
6
Let y = 4 + -1. Suppose 0 = 5*c - y*q - 30, -2*c + 18 + 5 = q. What is the remainder when c is divided by 3?
0
Suppose 2*v - 5*w = 38, -4*v + 75 = -3*w + 27. Let s(i) = i**2 - 3*i - 1. Calculate the remainder when s(-3) is divided by v.
8
Suppose 0 = h + 3*c + 2 - 17, -2*c - 7 = -5*h. Calculate the remainder when 24 is divided by h.
0
Let k(y) = y**2 - 10*y + 13. Let l be k(9). Suppose -37 = -d - 8. What is the remainder when d is divided by l/6 - (-86)/6?
14
Suppose 0 = k - 28 - 13. Suppose 2*z = -5*v + k, 5*z + 1 = 2*v + 2. What is the remainder when v is divided by 3?
1
Let i = 7 + -7. Suppose h - 3*s + i*s - 13 = 0, 2*h - 21 = 5*s. What is the remainder when 31 is divided by 1 + -1 + (-22)/h?
9
Let r(k) = 17*k**2 + 2*k - 2. What is the remainder when r(-2) is divided by 32?
30
Suppose 3*k - 12 = 27. Let w(h) = 22*h**2 + h. What is the remainder when w(1) is divided by k?
10
Suppose -74 = -4*m + 6. Calculate the remainder when 98 is divided by m.
18
Let h be 2/(-8) - (-3)/(-4). Let c be h/7 - (-171)/21. What is the remainder when 0 + c + 3 + -4 is divided by 3?
1
Let g = 168 + -89. Let x = g + -28. What is the remainder when x is divided by 13?
12
Let p(n) = n**2 + 5*n - 4. Calculate the remainder when p(3) is divided by 8.
4
Suppose 0 = -h - 3*b + 3, -5*h - 4*b = -2*b - 28. Calculate the remainder when h is divided by 10/(-45) + 38/9.
2
Let q be (-4)/(-12) + 10/(-3). Let c be -11 + (-2)/(-1)*-1. Let m = q - c. What is the remainder when 19 is divided by m?
9
Let w(u) = u**2 - 4*u - 25. What is the remainder when 137 is divided by w(10)?
32
Suppose x + n = 2*x - 20, 2*x - 43 = -n. Let u(q) = 8 - 4*q - 6*q + 9*q. Calculate the remainder when x is divided by u(0).
5
Suppose 0 = c - 12 - 3. Suppose -2*p + 89 = 3*r, -7*p + 8*p = 1. What is the remainder when r is divided by c?
14
Let r = -6 + 18. Suppose 5*d = 3*d + 5*t + 20, 2*t + 4 = 0. Suppose -4*q = -0*f - 2*f - 94, d*q = 4*f + 122. Calculate the remainder when q is divided by r.
10
Let p = 14 - 10. Suppose -b + 1 = -2*b - 4*y, 5*b - 19 = p*y. Calculate the remainder when 9 is divided by b.
0
Let q(j) = -6*j + 1. Let v be q(1). Let p = v - -10. Suppose 2*m = p*m - 9. What is the remainder when 7 is divided by m?
1
Let d = -46 + 69. Calculate the remainder when d is divided by 5.
3
Suppose 0 = -5*q + 24 + 21. Let o be (-6)/(-9) - 10/(-3). Let x = q + o. What is the remainder when 37 is divided by x?
11
Let a = 3 + 3. Suppose -5*u = -4*p - 4 - 53, 6 = -2*p. What is the remainder when u is divided by a?
3
What is the remainder when 12 is divided by (19 + 2)*(-2)/(-6)?
5
Suppose 34 = -j + 86. What is the remainder when 24 is divided by ((-3)/6)/((-2)/j)?
11
Calculate the remainder when 2 + 65 + (2 - 2) is divided by 136/(-12)*6/(-4).
16
Let x = 210 + -145. Suppose 0 = 2*k + 3*k - x. Let n(j) = -j**3 - 4*j**2 - 5*j + 4. Calculate the remainder when n(-4) is divided by k.
11
Suppose 0 = -0*a - 3*a + 111. Suppose -6 = 2*v - 3*v. Suppose 8 = v*l - 2*l, 3*m - 37 = l. What is the remainder when a is divided by m?
11
Suppose 5*v = 0, -4*v = -2*w - 5*v + 16. Calculate the remainder when w is divided by 2.
0
Let g = 21 - 6. Calculate the remainder when g is divided by 2/4*-2 + 7.
3
Suppose 0*x = x. Suppose -m = -x*m. Suppose k + 2*c - 51 = m, 3*c + 2*c - 189 = -4*k. Calculate the remainder when k is divided by 14.
13
What is the remainder when -18*(-9)/6 + (3 - 1) is divided by 8?
5
Let l(v) = -v**2 - 4*v - 1. Let z be l(-3). Let t(c) = 8*c - 3. Calculate the remainder when 49 is divided by t(z).
10
Suppose -6 = -3*v - 5*h + 11, 2*h = 2*v - 38. What is the remainder when 1/(-2)*-82*1 is divided by v?
13
Let x = 0 - -8. Let q(o) = -o**2 + 10*o - 7. Let p be q(x). Suppose -4*b + t + 189 = -b, p = 3*t. Calculate the remainder when b is divided by 22.
20
Suppose -472 = -3*b - 154. Calculate the remainder when b is divided by 36.
34
Let h = 77 - 54. Calculate the remainder when h is divided by 13.
10
Let g(c) = 8*c**2 - 3*c - 3. What is the remainder when 69 is divided by g(-2)?
34
Suppose 0 = 6*h - 51 - 21. Calculate the remainder when 41 is divided by h.
5
Let v(k) = 6*k**2 + 4*k + 4. Suppose 0 = 4*c - 2*f - 3*f - 153, -2 = 2*f. Calculate the remainder when c is divided by v(-2).
17
Suppose -4*m + 12 = -40. What is the remainder when 37 is divided by m?
11
Let n = -6 - -14. Suppose -n - 4 = -2*q. Calculate the remainder when 21 is divided by q.
3
Let w(p) = p**3 - 7*p**2 - 3*p + 6. Let u = 4 - -8. What is the remainder when w(8) is divided by u?
10
Let p(g) = -22*g + 6. Let u be p(-5). Suppose 5*x - x - u = 0. What is the remainder when x is divided by 10?
9
Suppose 3*m - 113 = 13. Suppose 0 = -o - 4*r + 2*r + 13, 2*o - 3*r - 33 = 0. Calculate the remainder when m is divided by o.
12
What is the remainder when (-5)/(11/(-10) + 1) is divided by 13?
11
Suppose 4*l = 8*l - 20. Calculate the remainder when -4 + 2 + 12 + -3 is divided by l.
2
Suppose -7*j = -2*j - 40. Suppose 5 + j = q. What is the remainder when q is divided by 7?
6
Suppose 4*o + 5*z = 23, 3*o + 2*o + 3*z = 19. Suppose -5*q + 0*q + 65 = 0. Let t = -9 + q. Calculate the remainder when t is divided by o.
0
Let m = 37 + 8. Calculate the remainder when m is divided by 16.
13
Let m = -9 - -8. Calculate the remainder when 1 - m - (-6 + -29) is divided by 19.
18
Let o(x) = -x**2 - 6*x - 4. Let z(g) = -3*g - 5. Let r be z(-5). Let l(d) = -d**3 + 11*d**2 - 9*d - 7. Calculate the remainder when o(-4) is divided by l(r).
1
Suppose 14*k = 6*k + 256. What is the remainder when k is divided by 17?
15
Let v = 34 + -15. What is the remainder when v is divided by 3?
1
Let w be (2 + 3/(-1))*-1. Let n = 19 - w. Calculate the remainder when (10 - 7)*104/6 is divided by n.
16
Let h = 5 + 1. Suppose 0 = -0*c + 2*c - 34. What is the remainder when c is divided by h?
5
Let s(b) = 27*b - 1. What is the remainder when s(1) is divided by 21/2 - (-6)/(-4)?
8
Let d be 1/(-2) - 9/(-2). Let w be 12/(-20) - 528/(-5). Suppose 0 = -t - d*t + w. Calculate the remainder when 40 is divided by t.
19
Let y = 10 + 10. What is the remainder when 37 is divided by y?
17
Let b(q) = q + 9. Calculate the remainder when 85 is divided by b(13).
19
Let u(n) = -3*n + 10. Let q(f) = -9*f. Let i be q(1). What is the remainder when u(i) is divided by 19?
18
Suppose -3 = -4*h + h. Let p(y) = -29*y - 11. Let r(x) = -14*x - 5. Let l(t) = 4*p(t) - 9*r(t). Calculate the remainder when 31 is divided by l(h).
9
Let d = 137 - 124. Calculate the remainder when 220 is divided by d.
12
Let a(o) = -o**2 + 2*o + 4. Let v be a(-3). Let f = -6 - v. Suppose -3 = -2*x + f. What is the remainder when 10 is divided by x?
2
Suppose 0 = o - 3, -2*o + 542 = 4*b - 0*o. What is the remainder when b is divided by 34?
32
Let c = -8 + 5. Let g = c + 23. Calculate the remainder when 57 is divided by g.
17
Suppose 4*q + 0*q - 44 = 0. Suppose -q - 9 = 5*n. What is the remainder when 39 is divided by ((-32)/10)/n*25?
19
Let i(u) = u**3 - 5*u**2 - 2*u - 8. What is the remainder when i(6) is divided by (-5 + 1)/((-4)/6)?
4
What is the remainder when 97 